and 4?
4
Let a = 68 - 60. Suppose -a*l + 80 = -40. What is the greatest common divisor of l and 105?
15
Let w be 110/7 + 4/14. Suppose 3*f + 6 = 6*f - 2*z, -4*f - 2*z - 6 = 0. Suppose f = q + q - 80. What is the greatest common factor of w and q?
8
Let x(n) = n**3 + n - 28. Let h be x(0). Let k = h + -23. Let u be (k/5)/(5/(-75)). What is the greatest common divisor of 17 and u?
17
Suppose 0 = 3*r - 3*v, 3*v + v = -r. Let h(j) = 2*j - 6*j - 5 + r*j. Let t be h(-6). What is the highest common factor of 76 and t?
19
Let b(o) = -o**3 + 10*o**2 - 14*o - 13. Let s be b(8). Suppose -2*i - s*w = -5, -5*w - 12 - 23 = -i. Calculate the highest common factor of i and 5.
5
Let m(f) = 3*f**3 - 3*f**2 - 2*f + 1. Let k be m(3). Suppose -k + 13 = -6*t. Let n be (-3)/(2 + 11/(-5)). What is the greatest common divisor of t and n?
3
Let b = -22 + 30. Suppose 2*z + 16 = 3*t, 3*z - 3 + b = -5*t. Suppose -t*f - m + 3*m = -136, -m = -2*f + 131. Calculate the highest common divisor of 9 and f.
9
Let t(c) = -c**3 + 21*c**2 + 50*c + 55. Let w be t(23). Calculate the highest common divisor of w and 14.
7
Let f be ((-1710)/63)/((16/(-28))/4). What is the highest common divisor of 10 and f?
10
Let f(d) = -4*d**3 - 4*d**2 - 2*d. Let q be f(-2). Let u = q - 4. Let z = 31 - u. What is the greatest common divisor of 6 and z?
3
Let o = -71 + 74. Suppose 4*j - 4*v - 84 = 0, 2*j - o*v = 36 + 11. What is the greatest common divisor of 32 and j?
16
Let p(h) = 127*h + 18. Let u be p(4). Let l = u + -225. What is the highest common divisor of l and 43?
43
Let j = 288 - 275. What is the highest common divisor of j and 247?
13
Let q = -334 + 336. Calculate the greatest common divisor of q and 22.
2
Let r(f) = f**2 - 4*f + 95. Suppose -i + 4 = 4*q - 2*q, -3*q + 5*i = 20. Let x be r(q). What is the greatest common divisor of 38 and x?
19
Let j(p) = 4*p**3 + p**2 + 7*p + 624. Let t be j(0). Calculate the highest common divisor of 6 and t.
6
Let j(a) = 50*a - 204. Let d be j(23). What is the highest common divisor of 43 and d?
43
Suppose 0 = 38*h - 37*h. Suppose -11*g + 1904 = -6*g - 4*i, 4*g + 2*i - 1518 = h. What is the greatest common divisor of g and 20?
20
Suppose 2*s = 4*u - 42, u + 0*s = 4*s + 14. Suppose 3*g = u*g - 91. Calculate the greatest common divisor of 91 and g.
13
Let s(c) = -c + 10. Let h be s(2). Suppose 2*t - 4*y - 4 = -h*y, 3*t - 22 = 2*y. Calculate the highest common divisor of t and 10.
2
Suppose 5*h - 112 = -4*g - 29, -3*g + 2*h + 68 = 0. Let i(d) = -35*d + 18*d + g*d. Let j be i(6). Calculate the greatest common factor of j and 30.
30
Let c = 14 + -8. Let b be 1*(1/(-4))/((-3)/492). Let q = 89 - b. Calculate the greatest common factor of q and c.
6
Let s be (6/(-4))/(1 + 231/(-240)). Let l = s + 46. What is the greatest common divisor of l and 12?
6
Let b be (57/(-90) + (-6)/(-45))*26. Let h(m) = m**3 + 14*m**2 + 13*m + 9. Let s be h(b). Calculate the highest common divisor of s and 15.
3
Suppose -10*r + 1414 = -1186. Calculate the greatest common factor of 572 and r.
52
Suppose -5*o - 462 = -3*r - 2*o, 0 = r - 4*o - 166. Calculate the highest common factor of 24 and r.
6
Let n be (7 + -8)/((-2)/44). Calculate the highest common divisor of 11 and n.
11
Let d be (-1 + -1 + 4)*5. Suppose 5*b + 5*k - 23 = 17, b + 2*k = d. What is the greatest common factor of b and 3?
3
Let q(l) = 3*l**2 + 80*l + 104. Let c be q(-26). What is the highest common divisor of c and 130?
26
Let w(j) = 2*j**3 - 23*j**2 + 131*j - 16. Let s be w(8). What is the greatest common factor of 8 and s?
8
Suppose -13*p = 2*p - 540. Calculate the greatest common divisor of 576 and p.
36
Suppose -4*b + 1190 = b. Let z be b/8 + (-1 + -1)/(-8). What is the greatest common factor of 12 and z?
6
Let j be 5928/21 + 2/(-7). Let p = j + -192. What is the highest common factor of p and 10?
10
Suppose 20 = 10*r - 6*r. Let l = 5 + r. What is the highest common divisor of 30 and l?
10
Let u be (-4 - 36/(-8))*26. Suppose -4*s - u = -17. What is the highest common divisor of 8 and s?
1
Suppose 0 = 2*t + 4*o + o - 36, t = 2*o. Calculate the highest common divisor of 1208 and t.
8
Let k(w) = 5*w**2 - 14*w + 39. Let m be k(6). Calculate the greatest common factor of m and 15.
15
Let n = 65 - 37. Let v = 36 - n. Suppose 0*p - 3*j + 108 = 2*p, 0 = 2*j + v. Calculate the highest common factor of p and 6.
6
Suppose 41*q + 25 = 46*q - 5*u, 3 = u. Calculate the highest common factor of q and 712.
8
Suppose 0 = -0*j + 2*j + 4*n - 74, 3*j - 127 = 2*n. Calculate the highest common divisor of j and 164.
41
Let h be 6 + (-54*12)/(-6). Calculate the highest common divisor of h and 266.
38
Let w be (12/(-28))/(9/(-189)). What is the greatest common factor of 9 and w?
9
Let w be (2 + 0)*2 - -2. Suppose p + w = 17. Suppose 14*q = 10*q + 176. Calculate the highest common factor of q and p.
11
Let h be (16/12)/(8*6/2232). Calculate the greatest common factor of 310 and h.
62
Suppose 59 = 2*y + 187. Let s = -62 - y. Calculate the greatest common divisor of 18 and s.
2
Let i = 412 + -184. Calculate the highest common divisor of i and 12.
12
Suppose 0 = -4*l + 161 - 9. Let h be -1 - -37 - (-3)/1. Let z = h + 18. What is the highest common divisor of l and z?
19
Let w be 60/(-1)*-2 - 0. Let t = -33 + 33. Let x be 24 + (t/(-3 + 0))/1. Calculate the greatest common factor of w and x.
24
Let p(n) = 0 - 5 + 1 - 1 - n - n**3 - 11*n**2. Let r = -26 + 15. Let x be p(r). Calculate the highest common divisor of 9 and x.
3
Suppose 7*h + 325 = 12*h. Calculate the greatest common divisor of h and 780.
65
Suppose -514 + 44 = -47*n. Calculate the highest common divisor of n and 12.
2
Let y = 928 - 891. Calculate the highest common divisor of y and 407.
37
Suppose -4*c + 1464 = -328. Let j = -5 - -8. Suppose 172 = g + 4*s, 4*g - c = -j*s + 175. Calculate the greatest common divisor of g and 19.
19
Suppose -99 = -5*l + 2*l. Let s = l + 47. Calculate the highest common factor of 10 and s.
10
Let n be (-2 - -3)/(12/156). Suppose 5*u = a + 3*a - 181, -3*u - 93 = -2*a. What is the highest common divisor of a and n?
13
Let b = 22 - 19. Suppose 5*n - r - 154 = 0, 0 = n - r + b*r - 33. Calculate the greatest common factor of 341 and n.
31
Suppose -2*b - 7*f + 2*f = -42, 4*b - 84 = 5*f. Suppose 0 = -z + 3, a + 0*a - 5*z = b. Calculate the highest common factor of a and 48.
12
Let y be 8/20 + (-8)/20. Let w be y + 24/(7 + -3). What is the greatest common factor of 4 and w?
2
Let c be -6 + 18 + -13 + (72 - 1). What is the greatest common divisor of 40 and c?
10
Suppose 0 = -4*h + 2*c + 2314, 2*h + 2*c = -3*c + 1175. Calculate the highest common divisor of 8 and h.
4
Suppose 4*n = 7*g - 2*g - 25, g = 5. Suppose -3*t - 1 + 13 = n. Suppose -2*h + 32 = -0*h. Calculate the greatest common factor of t and h.
4
Let s(v) = 3*v**2 - 5*v + 26. Let a be s(7). What is the highest common divisor of 46 and a?
46
Let r(k) = 2*k + 30. Let s be r(-8). Calculate the highest common factor of s and 2.
2
Let i be 5 - (2 - 2)/1. Let o(b) = -32*b + 0 - b**2 + 35*b + 2*b**2 - 10. Let j be o(5). Calculate the highest common factor of j and i.
5
Let p(v) = 3*v**3 - v**2. Let z be p(1). Suppose 0 = -0*s - z*s + 32. Let x be s + (-2)/(2 - 3). What is the greatest common factor of x and 126?
18
Suppose 0 = -g - 654 + 786. What is the highest common divisor of 363 and g?
33
Let w = 76 + -64. Let l be 4/6 + 280/w. What is the greatest common divisor of l and 3?
3
Let x be -1*(0 - -4)*-2. Let n = 1956 - 1892. Calculate the highest common factor of x and n.
8
Let r(k) = -218*k - 1295. Let l be r(-6). Calculate the highest common divisor of 1027 and l.
13
Let p = 87 + 232. What is the greatest common divisor of p and 11?
11
Suppose 0 = -2*w - w + f + 31, -3*w = 2*f - 28. What is the highest common divisor of 160 and w?
10
Let c be (2/(-3))/(2/(-3)) + -89. Let l = c + 158. Calculate the greatest common divisor of l and 14.
14
Let q = -5 + 85. Suppose 42*h - 290 = 130. What is the highest common divisor of q and h?
10
Let y = 116 + -113. Calculate the greatest common divisor of 96 and y.
3
Let b = 138 + -138. Suppose b = -4*q + 3*q + 164. What is the highest common divisor of q and 41?
41
Suppose -20*c + 25*c + g = 138, -5*g - 10 = 0. What is the greatest common factor of c and 322?
14
Let x(